12
Let r(t) = t**3 + 13*t**2 + 9*t - 14. What is r(-10)?
196
Let v(f) = f**3 - 13*f**2 - 29*f - 17. Determine v(16).
287
Let u(w) = 3*w**3 + w**2 - 68*w + 159. What is u(3)?
45
Let y(g) = 13*g + 194. What is y(-19)?
-53
Let w(k) = 3*k**3 + 101*k**2 - 25*k + 303. Determine w(-34).
-3
Let l(m) = -21*m**2 + 902*m + 55. Calculate l(43).
12
Let j(m) = -4*m + 55. What is j(45)?
-125
Let g(j) = 28875*j - 86621. Give g(3).
4
Let h(q) = -q**3 - 18*q**2 - 12*q + 74. Determine h(-17).
-11
Let z(c) = c**2 - 48*c + 573. Calculate z(13).
118
Let b(x) = -2*x**2 - 220*x + 3688. Calculate b(-125).
-62
Let z(a) = 4*a**3 + 18*a**2 - 63*a - 7. Give z(3).
74
Let v(y) = -34*y + 370. Determine v(11).
-4
Let p(s) = s**2 - 41*s + 409. What is p(24)?
1
Let h(t) = -t**2 - 100*t - 2330. Determine h(-63).
1
Let i(o) = -o**3 - 20*o**2 - 96*o - 43. Calculate i(-13).
22
Let n(l) = -35*l - 39. Determine n(-1).
-4
Let p(l) = -26*l**2 - 25*l + 151. What is p(4)?
-365
Let b(g) = -4*g**2 - 8*g + 119. Calculate b(-6).
23
Let y(c) = -2*c + 73. What is y(8)?
57
Let n(b) = 2*b**3 + 13*b**2 - 16*b - 86. Calculate n(-7).
-23
Let t(o) = -o**3 - 71*o**2 - 13*o - 916. Calculate t(-71).
7
Let b(r) = 12*r**2 + 5*r + 9. Calculate b(-4).
181
Let g(m) = -845*m - 4984. Give g(-6).
86
Let q(n) = -2*n**2 - 4*n + 151. What is q(-12)?
-89
Let t(g) = -12*g**2 - 412*g + 4076. Determine t(8).
12
Let u(a) = 6*a**3 + 12*a**2 - 19*a - 21. What is u(-1)?
4
Let o(t) = -7*t**2 + 310*t - 947. What is o(41)?
-4
Let h(c) = 14*c - 22. Give h(4).
34
Let q(u) = -u**3 + 32*u**2 + u - 21. Give q(32).
11
Let k(y) = -y**3 + 17*y**2 - 13*y - 57. Give k(16).
-9
Let t(o) = -24*o**2 - 56. Give t(4).
-440
Let l(m) = m**3 - 9*m**2 - 4*m + 46. Calculate l(5).
-74
Let r(a) = -a**2 - 58*a - 168. Calculate r(-3).
-3
Let h(t) = 289*t + 301. What is h(-1)?
12
Let p(q) = 20*q**3 + 70*q**2 - 40*q - 9. What is p(-4)?
-9
Let g(t) = -54*t - 1999. Give g(-37).
-1
Let m(d) = -d**3 - 17*d**2 - 97*d - 22. Give m(-10).
248
Let z(y) = -y**2 + 41*y - 19. Determine z(36).
161
Let k(b) = 16*b + 363. What is k(-21)?
27
Let g(w) = -2*w**3 + 642*w**2 - 12601*w + 298. What is g(300)?
-2
Let b(w) = -10*w + 318. Determine b(27).
48
Let m(g) = 9691*g - 77545. What is m(8)?
-17
Let c(d) = -5*d**3 - 6*d**2 + 93*d - 429. Give c(5).
-739
Let x(q) = -128*q + 1801. What is x(14)?
9
Let i(t) = 966*t - 12549. Determine i(13).
9
Let l(x) = -2*x**2 - 1866*x + 13167. What is l(7)?
7
Let a(w) = 11*w**3 + 3*w**2 - w - 9. Give a(-2).
-83
Let m(k) = k**2 - 8*k - 334. What is m(23)?
11
Let x(c) = 6*c**2 - 28*c + 29. Give x(4).
13
Let h(y) = -y**3 + 11*y**2 - 4*y + 27. Calculate h(11).
-17
Let g(h) = 43*h - 2019. Determine g(49).
88
Let g(x) = -1665*x**2 + 14993*x - 59. Determine g(9).
13
Let c(n) = 9*n**3 + 30*n**2 - 5*n - 27. Determine c(-3).
15
Let z(g) = g**3 - 38*g**2 + 41*g - 47. Determine z(37).
101
Let l(m) = 699*m**2 + 6*m - 10. Give l(1).
695
Let h(y) = -2*y**3 + 263*y**2 - 647*y + 350. Give h(129).
92
Let v(h) = -2*h**3 + 5*h**2 + 3*h + 23. What is v(-4)?
219
Let m(v) = -50*v - 4462. What is m(-89)?
-12
Let s(d) = -d**3 + 84*d**2 - d + 90. What is s(84)?
6
Let v(p) = -p**2 + 7*p + 1554. Determine v(43).
6
Let o(d) = -d**3 - 12*d**2 + 61*d - 57. What is o(-16)?
-9
Let u(w) = -8*w**2 - 233*w + 133. Determine u(-30).
-77
Let b(x) = -2*x**3 + 77*x**2 + 37*x - 9. Calculate b(39).
-87
Let g(i) = -i**3 - 21*i**2 + 121*i + 524. Give g(-25).
-1
Let r(z) = 568*z + 5111. Give r(-9).
-1
Let u(y) = -661*y + 5286. Determine u(8).
-2
Let i(h) = -27*h**3 - 3*h**2 + 30*h + 62. Determine i(-2).
206
Let x(s) = 43*s - 1170. Determine x(26).
-52
Let w(p) = -2*p**3 + 13*p**2 - 5*p + 1. Calculate w(6).
7
Let b(t) = -t**2 + 24*t + 103. Determine b(27).
22
Let k(l) = -3*l**3 + 7*l**2 - 39*l - 88. Give k(-2).
42
Let l(b) = 2*b + 153. What is l(15)?
183
Let o(c) = -2*c**3 + 27*c**2 - 19*c - 57. What is o(12)?
147
Let w(d) = d**2 - 2*d + 101. What is w(0)?
101
Let f(m) = -5*m**2 + 387*m - 156. What is f(77)?
-2
Let j(n) = n**2 - 12*n - 13. Calculate j(19).
120
Let c(s) = 59*s - 229. What is c(7)?
184
Let z(d) = 26477*d - 26500. Determine z(1).
-23
Let x(m) = -3*m**2 + 43*m + 5874. Determine x(52).
-2
Let a(l) = -l**3 + 16*l**2 + 16*l - 49. Determine a(16).
207
Let f(q) = -170*q + 1045. Give f(6).
25
Let u(b) = b**2 - 69*b + 1182. Give u(32).
-2
Let d(m) = m**3 + 149*m**2 + 443*m + 22. Give d(-3).
7
Let i(s) = -23*s**2 + 344*s + 17. Give i(15).
2
Let r(u) = -15*u + 83. Determine r(25).
-292
Let o(i) = -22*i - 139. Give o(-6).
-7
Let d(w) = w**2 + 6*w - 18. Calculate d(-13).
73
Let f(q) = -6*q**2 - 348*q + 114. What is f(-58)?
114
Let m(n) = 80*n + 3118. Give m(-39).
-2
Let b(w) = -4*w**3 - 178*w**2 + 108*w + 837. Calculate b(-45).
27
Let k(d) = -67*d - 701. What is k(-12)?
103
Let w(x) = -101*x - 944. Determine w(-9).
-35
Let h(s) = s**3 + 34*s**2 - 8*s - 80. Determine h(-34).
192
Let b(c) = 5*c - 264. What is b(42)?
-54
Let d(p) = -p**3 - 29*p**2 - 49*p - 28. What is d(-27)?
-163
Let t(d) = 1480*d - 35524. Determine t(24).
-4
Let x(o) = -o**3 + 4*o**2 - 68*o + 478. Give x(6).
-2
Let c(g) = 154*g + 173. What is c(0)?
173
Let k(c) = -3*c - 66. Calculate k(36).
-174
Let a(y) = -43*y - 1888. What is a(-44)?
4
Let x(f) = -186*f**2 - 34*f + 33. Determine x(1).
-187
Let r(x) = x**3 - 14*x**2 + 75*x - 563. What is r(12)?
49
Let q(o) = -8*o**2 - 2168*o - 2168. Determine q(-1).
-8
Let o(q) = 84*q - 11393. Calculate o(136).
31
Let o(v) = -v**3 + 10*v**2 - 32*v + 46. Calculate o(4).
14
Let p(r) = r**2 - 20*r + 5. Calculate p(7).
-86
Let f(c) = 9*c**2 - 772*c - 168. Determine f(86).
4
Let u(w) = -56*w + 156. Determine u(8).
-292
Let d(v) = 4*v**3 + 74*v**2 + 34*v - 19. Calculate d(-18).
17
Let v(p) = 4*p - 37. Determine v(6).
-13
Let p(k) = -k**3 + 36*k**2 - 130*k + 37. Determine p(32).
-27
Let f(s) = 8*s - 51. Give f(9).
21
Let b(f) = 4*f**2 + 28*f - 69. Calculate b(-9).
3
Let l(s) = 132*s - 1810. Determine l(9).
-622
Let a(h) = -142*h + 1424. Calculate a(10).
4
Let g(c) = -3*c**2 - 119*c - 450. What is g(-34)?
128
Let h(j) = -30*j + 598. Calculate h(20).
-2
Let l(i) = i**2 - 65*i + 368. Give l(7).
-38
Let t(q) = -81*q - 9628. Give t(-119).
11
Let b(r) = -2*r**3 - 77*r**2 - 39*r - 5. Give b(-38).
33
Let v(q) = -q**3 + 6*q**2 - 19. What is v(10)?
-419
Let c(n) = 398*n + 7957. Determine c(-20).
-3
Let f(g) = -g**3 + 30*g**2 + 45*g + 119. Calculate f(32).
-489
Let s(v) = 3*v + 5. Calculate s(-3).
-4
Let i(b) = b**3 + 10*b**2 - 10*b + 319. Calculate i(-13).
-58
Let q(s) = 3*s**3 - 29*s**2 + 55*s + 48. What is q(4)?
-4
Let i(j) = 272*j + 2976. Calculate i(-11).
-16
Let k(j) = 4*j**2 + 438*j - 17. Calculate k(-109).
-235
Let t(c) = -1332*c - 5242. Determine t(-4).
86
Let b(h) = -h**2 - 916*h + 5529. What is b(6)?
-3
Let u(q) = -q**3 + 105*q**2 - 958*q + 758. Determine u(95).
-2
Let b(g) = -5*g**2 - 31*g - 34. Give b(-8).
-106
Let r(g) = -8*g**2 - 353*g - 6. Give r(-44).
38
Let c(j) = 436*j + 2607. Give c(-6).
-9
Let x(i) = 5*i**2 + 12*i - 14. Give x(-5).
51
Let q(l) = 48*l**2 - 667*l - 70. Determine q(14).
0
Let k(v) = 3*v + 56. Calculate k(-11).
23
Let d(o) = -o**2 + 7*o - 92. Give d(0).
-92
Let v(b) = -433*b - 3463. Determine v(-8).
1
Let s(u) = u**3 - 120*u**2 - 135*u + 1786. What is s(121)?
92
Let f(c) = -c**3 - 2*c**2 + 3*c + 9. What is f(-2)?
3
Let r(b) = -17*b**2 - 468*b + 109. Give r(-28).
-115
Let a(d) = 20*d - 291. Give a(10).
-91
Let m(k) = -2*k**2 + 6*k - 6. Determine m(1).
-2
Let v(x) = 2*x**3 + 22*x**2 - 40*x + 30. Give v(-13).
-126
Let i(u) = -2*u**3 - 5*u**2 + 20*u + 47. What is i(-4)?
15
Let g(b) = b**3 - 53*b**2 + 289*b - 342. Give g(47).
-13
Let u(m) = m**3 - 25*m**2 + 156*m - 75. Calculate u(15).
15
Let i(v) = 25*v + 2713. Calculate i(-107).
38
Let s(r) = 67*r + 14684. Give s(-219).
11
Let o(a) = -226*a + 217. Calculate o(-2).
669
Let j(y) = y**3 - 28*y**2 + 141*y + 21. Determine j(7).
-21
Let q(b) = 2*b**2 - b + 130. Determine q(0).
130
Let k(g) = -g**2 - 61*g + 168. Give k(-53).
592
Let q(t) = 14*t**3 + 419*t**2 - 24*t + 165. Give q(-30).
-15
Let t(c) = -3*c**2 - 127*c + 1700. What is t(-53)?
4
Let u(g) = -g**3 - 15*g**2 - 16*g + 237. Give u(-12).
-3
Let n(h) = -h**3 - 25*h**2 + 18*h - 12. Determine n(-26).
196
Let o(a) = a**2 + 685*a + 2725. Determine o(-4).
1
Let f(r) = 8